common divisor of 161 and 46?
23
Calculate the highest common divisor of 759 and 23.
23
Calculate the greatest common divisor of 2641 and 171.
19
What is the highest common factor of 1054 and 62?
62
Calculate the highest common divisor of 50 and 2410.
10
Calculate the greatest common factor of 242 and 2.
2
Calculate the greatest common factor of 48 and 366.
6
Calculate the highest common divisor of 6886 and 11.
11
What is the greatest common factor of 14950 and 115?
115
Calculate the highest common factor of 136 and 2244.
68
Calculate the greatest common factor of 1104 and 192.
48
What is the greatest common factor of 52 and 221?
13
Calculate the greatest common divisor of 16182 and 3.
3
Calculate the greatest common divisor of 429 and 18.
3
What is the greatest common divisor of 17018 and 67?
67
What is the highest common divisor of 10 and 22810?
10
Calculate the highest common factor of 82 and 861.
41
What is the greatest common divisor of 450 and 18?
18
Calculate the greatest common divisor of 10 and 13690.
10
Calculate the greatest common factor of 296 and 8.
8
What is the greatest common factor of 24 and 26520?
24
Calculate the highest common factor of 692 and 4325.
173
What is the highest common divisor of 27 and 27?
27
Calculate the highest common divisor of 52 and 1469.
13
What is the highest common divisor of 407 and 33?
11
What is the greatest common factor of 33 and 990?
33
What is the highest common factor of 5548 and 76?
76
What is the highest common factor of 76 and 95?
19
What is the greatest common factor of 483 and 63?
21
Calculate the greatest common divisor of 788 and 7289.
197
What is the highest common divisor of 31 and 37?
1
What is the greatest common factor of 14 and 8708?
14
What is the highest common divisor of 60 and 710?
10
What is the highest common divisor of 94 and 7849?
47
What is the greatest common divisor of 8340 and 180?
60
Calculate the highest common factor of 812 and 868.
28
Calculate the highest common factor of 23 and 24403.
23
What is the highest common divisor of 195 and 30?
15
What is the highest common factor of 342 and 38?
38
What is the highest common divisor of 5 and 2275?
5
Calculate the highest common divisor of 490 and 28.
14
What is the highest common factor of 47 and 5029?
47
What is the highest common divisor of 9898 and 28?
14
What is the highest common factor of 2170 and 140?
70
Calculate the greatest common divisor of 13 and 4.
1
Calculate the highest common factor of 43 and 1075.
43
Calculate the highest common factor of 171 and 36.
9
What is the highest common divisor of 65 and 962?
13
Calculate the greatest common factor of 113 and 1017.
113
Calculate the highest common divisor of 3016 and 208.
104
What is the highest common factor of 12 and 27?
3
What is the greatest common factor of 1696 and 53?
53
Calculate the greatest common factor of 155 and 1147.
31
Calculate the greatest common factor of 11946 and 66.
66
Calculate the greatest common factor of 656 and 164.
164
Calculate the greatest common divisor of 708 and 14396.
236
Calculate the greatest common divisor of 327 and 763.
109
Calculate the highest common factor of 5 and 6080.
5
Calculate the greatest common divisor of 78 and 1092.
78
What is the highest common divisor of 14 and 1918?
14
Calculate the highest common factor of 590 and 236.
118
Calculate the greatest common factor of 144 and 32.
16
What is the highest common divisor of 992 and 72?
8
Calculate the greatest common factor of 945 and 5481.
189
Calculate the highest common divisor of 330 and 759.
33
Calculate the greatest common divisor of 13 and 338.
13
Calculate the highest common divisor of 19 and 8873.
19
Calculate the greatest common factor of 17 and 6953.
17
What is the greatest common divisor of 25 and 925?
25
What is the greatest common divisor of 17876 and 164?
164
Calculate the greatest common divisor of 704 and 99.
11
What is the highest common divisor of 936 and 416?
104
Calculate the greatest common factor of 144 and 54.
18
What is the greatest common divisor of 306 and 18?
18
What is the highest common factor of 81 and 261?
9
Calculate the greatest common factor of 122 and 244.
122
What is the highest common factor of 7452 and 45?
9
Calculate the greatest common divisor of 208 and 40.
8
Calculate the highest common divisor of 42 and 44.
2
Calculate the greatest common divisor of 808 and 8.
8
Calculate the highest common divisor of 88 and 784.
8
Calculate the highest common factor of 384 and 56640.
192
What is the greatest common factor of 198 and 726?
66
Calculate the highest common divisor of 338 and 2.
2
Calculate the greatest common factor of 190 and 30.
10
What is the greatest common factor of 228 and 24?
12
What is the greatest common divisor of 237 and 6?
3
Calculate the greatest common factor of 55 and 121.
11
What is the highest common divisor of 300 and 525?
75
Calculate the highest common divisor of 98 and 196.
98
What is the highest common factor of 77 and 44?
11
What is the greatest common factor of 54 and 2061?
9
Calculate the greatest common factor of 305 and 122.
61
Calculate the highest common factor of 20 and 740.
20
What is the highest common divisor of 4 and 13?
1
What is the greatest common factor of 770 and 1232?
154
What is the highest common divisor of 228 and 96?
12
Calculate the greatest common factor of 14 and 14.
14
What is the highest common factor of 26 and 143?
13
What is the greatest common divisor of 68 and 2176?
68
Calculate the greatest common factor of 318 and 66.
6
What is the highest common divisor of 3 and 951?
3
What is the greatest common divisor of 4965 and 75?
15
What is the highest common factor of 1088 and 224?
32
What is the greatest common factor of 11099 and 11?
11
Calculate the greatest common factor of 205 and 82.
41
What is the greatest common factor of 336 and 2240?
112
What is the highest common factor of 620 and 45?
5
What is the greatest common factor of 14148 and 216?
108
What is the greatest common divisor of 118 and 2?
2
What is the greatest common divisor of 90 and 1215?
45
What is the greatest common divisor of 114 and 11742?
114
What is the highest common factor of 156 and 54132?
156
What is the highest common divisor of 18 and 1422?
18
What is the greatest common factor of 2110 and 10?
10
Calculate the greatest common factor of 29478 and 6.
6
Calculate the greatest common divisor of 13578 and 93.
93
Calculate the highest common factor of 216 and 232.
8
What is the greatest common factor of 19572 and 12?
12
Calculate the highest common divisor of 128 and 32.
32
Calculate the highest common factor of 1512 and 48.
24
What is the highest common factor of 172 and 4?
4
Calculate the highest common factor of 85 and 1921.
17
What is the greatest common divisor of 162 and 12?
6
Calculate the highest common factor of 310 and 80.
10
Calculate the greatest common factor of 308 and 2024.
44
Calculate the greatest common divisor of 4828 and 142.
142
What is the highest common divisor of 3471 and 312?
39
What is the highest common factor of 28 and 252?
28
Calculate the greatest common factor of 115 and 23.
23
Calculate the highest common factor of 247 and 65.
13
Calculate the highest common divisor of 164 and 41.
41
What is the greatest common factor of 18 and 11070?
18
What is the greatest common divisor of 168 and 4116?
84
What is the greatest common factor of 14 and 98?
14
What is the greatest common divisor of 49 and 2548?
49
What is the highest common divisor of 74 and 2775?
37
What is the highest common divisor of 11891 and 1518?
253
What is the highest common factor of 80 and 20?
20
Calculate the highest common factor of 1397 and 508.
127
Calculate the greatest common factor of 222 and 9.
3
What is the highest common divisor of 3835 and 117?
13
What is the highest common divisor of 1331 and 11?
11
Calculate the greatest common divisor of 2547 and 6.
3
Calculate the highest common factor of 716 and 24.
4
Calculate the greatest common factor of 5 and 5.
5
Calculate the greatest common divisor of 12193 and 137.
137
What is the highest common factor of 308 and 448?
28
What is the highest common divisor of 2 and 6?
2
What is the highest common factor of 95 and 3401?
19
Calculate the greatest common div